4 a multiple of 10?
False
Is 2726 a multiple of 94?
True
Is 1064 a multiple of 8?
True
Is 2262 a multiple of 6?
True
Is 37100 a multiple of 106?
True
Does 9 divide 476?
False
Is 38 a factor of 6397?
False
Is 2447 a multiple of 46?
False
Does 39 divide 2223?
True
Does 19 divide 9948?
False
Is 54 a factor of 686?
False
Is 113 a factor of 58824?
False
Does 344 divide 107671?
False
Is 4 a factor of 828?
True
Is 23 a multiple of 23?
True
Does 97 divide 1492?
False
Is 16 a factor of 880?
True
Does 17 divide 357?
True
Does 5 divide 609?
False
Does 8 divide 289?
False
Does 3 divide 496?
False
Is 57 a factor of 657?
False
Is 4 a factor of 147?
False
Is 109 a factor of 12971?
True
Is 5 a factor of 671?
False
Is 4331 a multiple of 120?
False
Is 2 a factor of 10?
True
Is 36 a factor of 3204?
True
Is 20 a factor of 19473?
False
Is 17 a factor of 1934?
False
Is 346 a multiple of 21?
False
Is 30 a factor of 392?
False
Does 4 divide 5703?
False
Does 15 divide 30?
True
Is 6 a factor of 58175?
False
Is 2094 a multiple of 19?
False
Is 6 a factor of 123?
False
Is 1075 a multiple of 25?
True
Is 1083 a multiple of 48?
False
Does 89 divide 9248?
False
Is 15289 a multiple of 9?
False
Is 11 a factor of 638?
True
Does 30 divide 13890?
True
Does 16 divide 4845?
False
Is 13 a factor of 3107?
True
Is 45 a factor of 1771?
False
Does 56 divide 1120?
True
Is 4760 a multiple of 85?
True
Is 2895 a multiple of 15?
True
Is 20996 a multiple of 29?
True
Does 9 divide 4464?
True
Does 25 divide 17325?
True
Is 84696 a multiple of 30?
False
Is 4957 a multiple of 27?
False
Is 2 a factor of 53?
False
Is 133056 a multiple of 176?
True
Is 4622 a multiple of 9?
False
Is 29 a factor of 6206?
True
Does 4 divide 259?
False
Is 7 a factor of 6467?
False
Is 9 a factor of 10350?
True
Does 3 divide 81?
True
Is 5 a factor of 1050?
True
Is 21 a factor of 1386?
True
Is 10 a factor of 5116?
False
Does 67 divide 469?
True
Is 9 a factor of 1228?
False
Is 31 a multiple of 8?
False
Does 3 divide 967?
False
Is 131 a multiple of 4?
False
Does 21 divide 1344?
True
Is 6761 a multiple of 83?
False
Is 12 a factor of 8891?
False
Is 124 a factor of 16927?
False
Is 9401 a multiple of 119?
True
Does 19 divide 1463?
True
Is 81 a factor of 39275?
False
Is 1178 a multiple of 31?
True
Is 2 a factor of 216?
True
Is 9448 a multiple of 28?
False
Is 23 a factor of 2936?
False
Is 1455 a multiple of 97?
True
Is 343 a multiple of 15?
False
Is 1470 a multiple of 35?
True
Is 139 a factor of 4448?
True
Is 18 a factor of 64?
False
Is 14 a factor of 18410?
True
Does 19 divide 3175?
False
Is 47 a factor of 811?
False
Is 2937 a multiple of 20?
False
Is 3 a factor of 1322?
False
Does 29 divide 7950?
False
Is 998 a multiple of 12?
False
Is 47 a factor of 13818?
True
Is 6085 a multiple of 182?
False
Is 9 a factor of 61?
False
Does 66 divide 13816?
False
Is 14 a factor of 252?
True
Is 8 a factor of 2113?
False
Is 8060 a multiple of 20?
True
Is 1392 a multiple of 8?
True
Is 53664 a multiple of 32?
True
Is 31 a factor of 6355?
True
Does 26 divide 494?
True
Does 7 divide 249?
False
Does 7 divide 1345?
False
Does 6 divide 200?
False
Is 8 a factor of 612?
False
Is 8 a factor of 2222?
False
Is 8 a factor of 1960?
True
Is 6 a factor of 75?
False
Is 45 a multiple of 9?
True
Is 78 a multiple of 3?
True
Is 55 a factor of 14795?
True
Is 4584 a multiple of 24?
True
Is 7454 a multiple of 69?
False
Is 6 a factor of 309?
False
Does 2 divide 444?
True
Does 15 divide 928?
False
Does 28 divide 8600?
False
Is 15828 a multiple of 252?
False
Does 33 divide 17782?
False
Is 41 a factor of 14657?
False
Does 120 divide 6521?
False
Does 17 divide 20281?
True
Does 24 divide 1322?
False
Is 29 a factor of 1276?
True
Does 12 divide 4731?
False
Is 7 a factor of 96?
False
Is 2294 a multiple of 31?
True
Does 13 divide 117?
True
Is 43 a factor of 1100?
False
Does 5 divide 9880?
True
Is 949 a multiple of 18?
False
Is 45528 a multiple of 30?
False
Is 180 a factor of 11520?
True
Is 5 a factor of 885?
True
Does 27 divide 581?
False
Is 2156 a multiple of 154?
True
Is 9 a factor of 63?
True
Is 42978 a multiple of 114?
True
Is 2016 a multiple of 72?
True
Is 62 a factor of 1339?
False
Is 206 even?
True
Is 166 a multiple of 10?
False
Does 46 divide 51?
False
Is 174 a factor of 17574?
True
Is 68675 a multiple of 67?
True
Is 50098 a multiple of 74?
True
Is 1976 a multiple of 26?
True
Is 6 a factor of 138?
True
Is 13 a factor of 3926?
True
Does 12 divide 122316?
True
Is 7573 a multiple of 4?
False
Does 22 divide 1584?
True
Does 31 divide 4805?
True
Is 19 a factor of 2852?
False
Does 11 divide 5838?
False
Is 6 a factor of 468?
True
Is 3277 a multiple of 29?
True
Is 14 a factor of 3041?
False
Does 5 divide 15474?
False
Is 173 a multiple of 22?
False
Is 133 a multiple of 3?
False
Does 17 divide 850?
True
Does 9 divide 3150?
True
Is 7 a factor of 5066?
False
Is 14 a factor of 33143?
False
Does 27 divide 837?
True
Does 12 divide 5604?
True
Is 1492 a multiple of 9?
False
Does 19 divide 1748?
True
Does 6 divide 332?
False
Is 70 a factor of 2310?
True
Is 2639 a multiple of 195?
False
Does 58 divide 870?
True
Does 17 divide 735?
False
Is 500 a multiple of 2?
True
Is 16 a factor of 3158?
False
Does 17 divide 8449?
True
Is 5699 a multiple of 6?
False
Is 91 a factor of 5187?
True
Is 54 a factor of 972?
True
Does 61 divide 17245?
False
Is 17736 a multiple of 22?
False
Is 41757 a multiple of 18?
False
Is 1077 a multiple of 3?
True
Does 15 divide 360?
True
Is 306 a multiple of 18?
True
Is 164 a factor of 35782?
False
Is 525 a multiple of 15?
True
Is 28464 a multiple of 8?
True
Is 13 a factor of 9867?
True
Is 3344 a multiple of 176?
True
Is 106 a factor of 34662?
True
Is 10 a factor of 1250?
True
Is 2950 a multiple of 118?
True
Is 1390 a multiple of 18?
False
Is 105 a factor of 86113?
False
Does 35 divide 3194?
False
Does 44 divide 48664?
True
Is 295 a factor of 48675?
True
Is 747 a multiple of 45?
False
Is 413 a multiple of 54?
False
Is 38872 a multiple of 75?
False
Is 740 a multiple of 20?
True
Is 41929 a multiple of 35?
False
Is 3776 a multiple of 59?
True
Does 10 divide 50?
True
Is 6 a factor of 21450?
True
Does 12 divide 33542?
False
Is 8 a factor of 156?
False
Is 5 a factor of 205?
True
Is 20 a factor of 228?
False
Is 2 a factor of 166?
True
Is 22792 a multiple of 37?
True
Is 4 a factor of 5074?
False
Is 4701 a multiple of 62?
False
Is 20672 a multiple of 7?
False
Is 24 a factor of 144?
True
Does 5 divide 400?
True
Is 45 a factor of 1350?
True
Is 177 a factor of 27612?
True
Is 36876 a multiple of 28?
True
Does 6 divide 8829?
False
Does 104 divide 17056?
True
Is 17 a factor of 9825?
False
Does 31 divide 43550?
False
Is 18 a factor of 24499?
False
Is 9073 a multiple of 43?
True
Is 3590 a multiple of 4?
False
Is 8157 a multiple of 25?
False
Is 10 a factor of 5420?
True
Is 48 a factor of 22608?
True
Does 16 divide 1440?
True
Is 2604 a multiple of 21?
True
Is 2216 a multiple of 8?
True
Is 2 a factor of 13359?
False
Is 42348 a multiple of 63?
False
Does 216 divide 10656?
False
Does 24 divide 168?
True
Is 1500 a multiple of 5?
True
Is 2674 a multiple of 4?
False
Is 15 a multiple of 2?
False
Is 5547 a multiple of 129?
True
Does 79 divide 7189?
True
Does 5 divide 102?
False
Does 119 divide 118324?
False
Does 131 divide 7862?
False
Is 105 a factor of 6930?
True
Is 19 a factor of 13593?
False
Does 10 divide 1320?
True
Is 1430 a multiple of 79?
False
Is 21 a factor of 7875?
True
Is 158 a factor of 7268?
True
Is 5140 a multiple of 20?
True
Is 2050 a multiple of 41?
True
Is 4195 a multiple of 30?
False
Is 300 a multiple of 12?
True
Is 1533 a multiple of 14?
False
Does 29 divide 2552?
True
Is 140 a factor of 10920?
True
Is 93 a factor of 13764?
True
Is 3036 a multiple of 69?
True
Is 5 a factor of 2195?
True
Is 27 a factor of 8041?
False
Is 110 a factor of 15950?
True
Is 2 a factor of 52?
True
Is 13 a factor of 2782?
True
Is 97 a factor of 133?
False
Is 648 a multiple of 27?
True
Is 12 a factor of 3180?
True
Does 8 divide 38389?
False
Is 4 a factor of 861?
False
Is 104 a factor of 1352?
True
Is 20360 a multiple of 39?
False
Is 2 a factor of 108?
True
Does 6 divide 408?
True
Does 254 divide 50038?
True
Is 23 a factor of 7176?
True
Does 11 divide 1172?
False
Is 26594 a multiple of 74?
False
Is 28 a multi